of 12508 and x?
212
Suppose 0 = a - 5*a + 616. Let d = a - 148. Calculate the greatest common factor of 54 and d.
6
Let v(n) = 5*n + 293. Let w be v(-52). What is the greatest common divisor of 187 and w?
11
Let g = -48 - -552. Suppose 122*z = 121*z + g. What is the greatest common factor of 144 and z?
72
Suppose -111*i = -223*i + 113*i - 1863. Calculate the greatest common divisor of 54 and i.
27
Suppose k + 2335 = 3*c, 2*c + 17*k = 19*k + 1550. Calculate the greatest common factor of c and 1248.
156
Let q = -4192 - -4492. Calculate the greatest common divisor of q and 960.
60
Let o(n) = -4*n**3 - n**2 - 103*n - 566. Let k be o(-6). What is the greatest common factor of k and 65?
5
Let r = 1154 - 1076. Calculate the highest common divisor of 39 and r.
39
Let g(x) = x**3 + 4*x**2 - 7*x - 6. Let m be g(-4). Let h be (-786)/5*((-190)/30 - -3). Let t = 546 - h. What is the highest common factor of t and m?
22
Let b be 3 + 332 - (-53 - -48). What is the greatest common factor of 4 and b?
4
Suppose 6*m - 3915 = -2691. Calculate the highest common factor of 60 and m.
12
Suppose 1176 = -949*v + 1055*v - 414. Suppose 0 = -4*r - 4*m, -2*m = 5*r - m. Suppose 5*f - 3*f - 60 = r. Calculate the highest common divisor of f and v.
15
Suppose 2*z + 29*v - 5214 = 33*v, -3*v = 2*z - 5277. What is the highest common factor of z and 500?
125
Let x be -16 - ((-4)/4 - 51). Calculate the highest common divisor of 9156 and x.
12
Suppose -128*j = -99*j - 435. Calculate the highest common factor of 790 and j.
5
Suppose -43184 + 14798 = -171*j. Calculate the greatest common factor of 17098 and j.
166
Suppose 3*g = -2*v - 15 + 46, 4*v - 20 = 0. Suppose -13*i + 114 = -68. What is the highest common factor of i and g?
7
Suppose -k - 4 + 0 = 0, -5*z + 4*k = -41. Suppose z*l = 7*l - 2. Let f be (-45)/(-3) + -3 + l + -1. Calculate the greatest common factor of f and 192.
12
Suppose 2*u - 1144 = -2*u. Let l = 198394 - 198372. Calculate the highest common divisor of l and u.
22
Let z(w) = 7*w + 6. Let f be z(3). Let t be 66/(-9)*(4 + -1). Let k = t + f. What is the greatest common divisor of 30 and k?
5
Let m(x) = -8*x + 759 - 2*x - 713. Let r be m(0). What is the highest common factor of r and 69?
23
Let w be -9 + (6/(-4))/((-6)/8). Let u = 84 - w. Calculate the greatest common factor of u and 13.
13
Suppose -9*x = 9 - 36. Suppose -24*d = -x*d - 672. Calculate the greatest common factor of 352 and d.
32
Suppose -2 = -4*g - 14. Let y be ((-5)/(-30))/(g/48)*-135. Suppose 4*k + 61 = d, 3*k + 144 + 48 = 4*d. Calculate the highest common divisor of y and d.
45
Let j = -302 + 304. Suppose 5*h = t + 521, -69 = -j*h + 4*t + 125. Let k be (-4)/(-14) - 145/(-7). Calculate the highest common divisor of k and h.
21
Let a = -83 + 81. Let s be a/(-11) - (-2 - 2575/55). What is the greatest common factor of 7 and s?
7
Let w be -72*(6 - (-15)/(-9) - 7). What is the highest common divisor of w and 156?
12
Suppose 19 = 5*s - 3*l, s + 2 - 7 = l. Suppose 2*i - 2*c = 2, -s*c - 3*c = -4*i. Let m be (-6 - (i + -3))*-9. Calculate the greatest common divisor of m and 36.
36
Suppose -641*p = -648*p + 504. What is the highest common divisor of p and 192?
24
Suppose -5*d - 3*b - 57663 = -9*d, 0 = 3*d + 4*b - 43241. What is the greatest common divisor of d and 15?
15
Suppose -53 = -6*m + 259. Suppose 3*a + 4*r - 64 = 0, -4*r + r = -4*a + m. What is the highest common factor of 272 and a?
16
Suppose -2*p - 2700 = -0*p - 27*p. What is the highest common divisor of 696 and p?
12
Suppose -4*v + 8896 = -10*g + 12*g, -4*v - 5*g + 8884 = 0. Calculate the highest common factor of v and 6042.
318
Suppose 37*s - 33*s = -4*j + 316, 5*s = 5*j + 375. Calculate the highest common factor of 7469 and s.
77
Let t(h) = 2*h**2 + 308*h - 298. Let m be t(-155). Calculate the highest common factor of 700 and m.
4
Let c(u) be the third derivative of u**6/120 - 2*u**5/5 + u**4/6 - 79*u**3/6 - 12*u**2. Let v be c(24). Calculate the highest common divisor of 136 and v.
17
Suppose 9*l = 4*l - 30. Let m = -8 + l. Let c(d) = -d**3 - 15*d**2 - 18*d + 19. Let a be c(m). What is the greatest common divisor of a and 15?
15
Suppose -3*s + 7 + 2 = 0. Suppose 75 = -0*w + s*w. Let z = -1953 + 2053. Calculate the greatest common divisor of w and z.
25
Let s be (-3)/(-18) - 1788/(-72). What is the highest common divisor of s and 30?
5
Let i(p) = -25*p - 3. Let w(g) = -g**2 - 21*g + 19. Suppose -8*j - 108 - 68 = 0. Let o be w(j). Let d be i(o). Calculate the highest common divisor of d and 9.
9
Suppose 5*q - 352 = y, -31 = -2*y - 35. What is the highest common divisor of 1855 and q?
35
Let m be (6/(-13))/((-19)/247). Suppose -y = -3*l + 65, -y + 4 = 9. Suppose 7*d - 5*d - l = 0. What is the highest common factor of m and d?
2
Let w(k) be the first derivative of 2*k**3/3 - 11*k**2/2 + 7*k - 10. Let t be w(7). Calculate the highest common factor of 252 and t.
28
Suppose 3*s + 4*h + h - 1525 = 0, 2*h + 1022 = 2*s. Calculate the highest common factor of s and 105.
15
Suppose -4*w = -3*a + 1488, -74 = 2*w - 80. What is the highest common factor of 80 and a?
20
Let n(i) = 1834*i + 11433. Let k be n(-5). Calculate the highest common factor of 219 and k.
73
Suppose -6496 = -40*m + 26*m. Let u = -371 + m. Calculate the greatest common divisor of 3 and u.
3
Suppose -8*s + 4*s + 467 = 5*p, 9 = 3*s. Let f = p - -77. What is the highest common factor of f and 112?
56
Let o(m) be the first derivative of -14*m**2 + 774*m + 89. Let n be o(0). Calculate the greatest common divisor of 86 and n.
86
Let x = -138 + 137. Let b be 3 + 11/1 - x. Calculate the greatest common divisor of b and 195.
15
Suppose -3*o + 94 + 2 = 0. Suppose 76*w = 63*w + 15743. Let d = -1203 + w. Calculate the greatest common divisor of d and o.
8
Suppose 4*y - 3*h - 2*h - 306 = 0, 4*h - 288 = -4*y. Let q = -58 + y. Let k be 14/35 - 8/(-5). What is the highest common divisor of q and k?
2
Let l(o) = o**2 - 29*o - 1282. Let h be l(63). What is the greatest common factor of 220 and h?
20
Let h(o) = o**3 - o**2 - 9*o + 41. Suppose c + 952 - 963 = 0. Let r be h(c). Calculate the highest common divisor of 36 and r.
36
Let y(m) = -17*m + 3. Let b be y(-1). Let i = -21 + b. Let d be (-664)/(-24) + i/(-3). Calculate the greatest common divisor of d and 308.
28
Let g = 7094 - 5488. Calculate the highest common divisor of 146 and g.
146
Suppose 21*v + 12 = 22*v - 2*s, -28 = -3*v + 2*s. Let m be (-28)/((52/32)/(-13)). What is the greatest common divisor of v and m?
8
Let o(t) = -25*t - 857. Let p be o(-35). Calculate the greatest common factor of p and 558.
18
Suppose -4*j - 136 = -t + 369, -5*t + 2663 = 3*j. What is the greatest common factor of t and 115?
23
Let x be (-3)/24 + 87276/96. Calculate the highest common factor of 202 and x.
101
Let n be 1068*(78/(-18) - -5). Suppose -7*r = -15*r + n. Suppose -152 + r = -y. What is the highest common factor of 18 and y?
9
Let i = -268 - -295. Let l be (-3)/2*(-10296)/i. Calculate the greatest common divisor of l and 52.
52
Suppose 4*p + 5*f - 3045 = 0, -5*f + 2285 = -p + 4*p. Suppose -22*t = -3*t - p. What is the greatest common divisor of 104 and t?
8
Suppose l = -0*l - 4*r - 168, -4*l = 5*r + 661. Let k = l - -209. Calculate the highest common factor of 75 and k.
15
Suppose -260 + 85 = -3*h - z, -4*h = 4*z - 236. Let m = 101 - h. Let q = -31 + m. What is the greatest common divisor of 132 and q?
12
Let g(s) = 235*s**3 + 4*s**2 + 50*s - 179. Let a be g(4). What is the highest common factor of a and 121?
121
Let y be 81291/98*(1 + 7). What is the greatest common factor of 12 and y?
12
Let s = -193 - -111. Let g = s - -65. Let b be -6 - -2 - (g + 3). Calculate the greatest common factor of 10 and b.
10
Suppose -4*a = 2*w - 1012, -2*a - 3*w + 253 = -245. Suppose -68*h + 51*h = -255. Calculate the greatest common factor of a and h.
15
Let l be (120/55)/((-56)/(-924)). What is the greatest common divisor of 405 and l?
9
Suppose 3*g - 85 = -5*q, -9*q - 54 = -2*g + 89. Calculate the highest common factor of 160 and g.
40
Suppose -215 = -59*i + 1555. Calculate the greatest common divisor of i and 378.
6
Let g(s) = s**3 + 21*s**2 + 37*s + 7. Let c be g(-19). Calculate the greatest common divisor of c and 351.
13
Let f = -1403 + 1422. What is the highest commo